uppose s*c = -0*c + p. Is c a composite number?
False
Let h = -5 - -7. Suppose -4*z = 2*d + 2*d - 1052, d + 271 = z. Suppose u + z = h*u. Is u prime?
False
Let q(z) = -35 - 4*z + 31 + 26*z**2 + 5. Let k be (-2)/6 + (-20)/(-6). Is q(k) a prime number?
True
Let o = -5110 + 8429. Is o a composite number?
False
Suppose -5*k + 5*p + 14932 = -15643, 0 = 3*k - 5*p - 18349. Is k prime?
True
Is 1*((-2)/(-3))/(40/7620) composite?
False
Let x(q) = q**3 + 9*q**2 + 9*q + 12. Let y be x(-8). Let u(d) = 72*d**2 - 2*d - 7 + 111*d**2 - 107*d**2. Is u(y) a prime number?
True
Let y(q) = -2*q**2 + 13*q - 12. Let d be y(5). Let a(p) be the third derivative of 29*p**5/60 - p**4/12 + p**3/3 + 4*p**2. Is a(d) composite?
False
Is (-2)/(-15) - (-17156269)/645 composite?
True
Let i = -3589 + 6978. Is i a composite number?
False
Let f = 1564 + -1037. Is f a composite number?
True
Is 89/((-520)/(-172) - 3) composite?
True
Let w be (1/(-3))/(1851/927 + -2). Let s = w + 54. Is s a prime number?
True
Let c be (-10)/4 - (-4)/(-8). Let j = -39 + 22. Let a = c - j. Is a a prime number?
False
Is ((-116)/6)/((-24)/8028) composite?
True
Let r(x) = -107*x - 4. Suppose 3*f = 8*f + 15. Is r(f) a composite number?
False
Suppose 2867 = 5*q + 3*p, 5*p = 5*q - 566 - 2269. Is q composite?
False
Let n(o) = o**2 - 6*o + 51. Is n(19) prime?
False
Let i = 18753 - 1966. Is i a composite number?
False
Suppose 0 = b - 12*b - 10043. Let v = 1775 + b. Is v a prime number?
False
Let m(t) = -3560*t**3 + 2*t**2 + 3*t. Is m(-1) a composite number?
False
Suppose 0 = -3*d + 7*d + 32. Let i(p) = 5*p**2 - 3*p - 5. Is i(d) composite?
True
Let u = -1 - -3. Suppose -w + 0*y - 22 = -4*y, w + y - 3 = 0. Is w - -1*(119 + u) prime?
False
Let i(y) = 197*y + 29. Let g be i(6). Suppose 3*h - 4*m - g = 0, -2*m = -5*h + 1724 + 271. Is h a composite number?
False
Suppose 0 = -3*m - 0*m + 3*k - 12, 0 = -m + 5*k - 24. Is 1/(m/(-35))*-1 a composite number?
True
Suppose 0 + 3 = t. Let u be (30/(-4))/(t/(-112)). Suppose -3*c - 270 = -5*z, -4*z - z + 5*c = -u. Is z composite?
True
Let v = -43742 - -117873. Is v a composite number?
False
Let z(l) = 229*l**2 - 49*l - 77. Is z(-6) a composite number?
False
Let i(n) = -n. Let j be i(-4). Suppose 0*z = -z + j. Suppose -2 = -2*a + z. Is a a composite number?
False
Let q(t) = -t**2 + 13*t - 30. Let b be q(8). Suppose b*o - 1999 - 1351 = 0. Is o a composite number?
True
Suppose 5*z = 5*x - 15, -5*z = -21 + 6. Suppose x = -2*u, -6*k + k - 689 = -2*u. Is -1 + -1 - (k - 6) composite?
True
Is (146310/9)/(-8*7/(-84)) a prime number?
False
Is (34836/24)/(4/8) a prime number?
True
Suppose -55*f + 52*f = 12342. Is f/(-2) + -4 + 0 composite?
False
Let c(k) = 189*k - 13. Let g(m) = -5*m**3 - 3*m**2 - 3*m - 1. Suppose 0 = -3*s + 2*n + 1, -4*n = 4*s - n + 10. Let a be g(s). Is c(a) a composite number?
False
Suppose 3*l = -3*u + 11478, l + 2*l - 11468 = -5*u. Is l prime?
False
Let j = 829 + 5020. Is j prime?
True
Let d(h) = h**3 + 64*h**2 - 65*h + 77. Let t be d(-65). Let m = -4 + 8. Suppose 3518 = 4*y - 2*f, 2*f + t - 3575 = -m*y. Is y prime?
True
Let y = 1651 + 7096. Is y a prime number?
True
Let g = 62 + -57. Suppose -5*l + 10*v = 5*v - 5215, -5215 = -g*l - v. Is l a composite number?
True
Let r(j) = 2151*j**2 + 2*j. Is r(1) composite?
False
Suppose -4*d - 124 = c, -2*c = 3*d + 152 + 76. Let i = 235 + c. Is i a composite number?
False
Is 13/((-104)/122404)*-2 prime?
False
Let g(p) = -390*p**3 - 2*p**2 - 7*p - 8. Let m be g(-3). Suppose n - 2*n + l = -2106, 0 = -5*n + 4*l + m. Is n composite?
True
Let g(h) = 8*h**2 + 7*h + 115. Is g(-22) a prime number?
True
Let f(z) = -z**3 + 44*z**2 + 106*z - 43. Is f(44) composite?
False
Suppose 3 = -3*j - 5*r, 2*r + 10 = 2*j - j. Suppose 5*m - j*k = -50, -m + k - 9 = 1. Let z(u) = -37*u + 3. Is z(m) a composite number?
False
Suppose -5*z + 15 = 0, 11 + 112 = -5*i - 4*z. Let w be (-36)/i - 2/6. Is (-7 + 6)*-83*w a composite number?
False
Is 38071 + 0 - (1 + 1) a composite number?
False
Let s = 3067 - 38. Is s composite?
True
Let p = 2403 - 1162. Is p composite?
True
Let o(k) = -4*k**3 + 3*k**2 + 6*k - 6. Let y(v) = -3*v**3 + 4*v**2 + 5*v - 5. Let u(b) = -2*o(b) + 3*y(b). Let w be u(3). Let n = 66 - w. Is n a prime number?
False
Suppose -142107 = -10*o - 51557. Is o a composite number?
True
Suppose 2*h = -3*p + 24103, -40169 = -6*p + p - 2*h. Is p a composite number?
True
Let y be (0 - 4/1)/(-1). Suppose p + l + 3 = 0, -4*l = y*p + l + 11. Is p - (0 + 1)*-639 a composite number?
True
Suppose -282022 = -56*i + 30*i. Is i prime?
True
Let r be (-5095)/(-2) + 2/(-4). Let o = -4032 + 2222. Let f = r + o. Is f a prime number?
False
Let a = -26106 - -39397. Is a composite?
False
Let c = 1765 - 1041. Let x = c - 210. Suppose -2*i = -4*i + x. Is i a prime number?
True
Let w(n) = -1. Let t(f) = 28*f**2 + 0 + 0*f - 4 - 4*f + 13*f**2. Let s(y) = t(y) - 6*w(y). Is s(2) a composite number?
True
Let u(y) = 1939*y + 987. Let g(s) = -51*s - 26. Let b(q) = -77*g(q) - 2*u(q). Is b(7) composite?
True
Let r(p) = -229*p + 56. Is r(-15) a composite number?
False
Let a(s) = -s**2 + s + 1. Let k(c) = 44*c**2 + 2*c + 5. Let x(p) = -3*a(p) + k(p). Let d be x(1). Is (-4064)/d*3/(-2) prime?
True
Suppose 3*v + 3022 = -2*s, -4*s + v - 2435 = 3623. Let m = s - -2355. Is m prime?
False
Let h = 21430 + -953. Is h a composite number?
False
Suppose -x - 3*x = 4124. Suppose -w + 0*w - 11876 = -5*i, 3*w - 12 = 0. Let s = x + i. Is s prime?
False
Let b = -71 - -180. Is b prime?
True
Let u = -136 - -423. Is u composite?
True
Let b be ((-120)/36)/((-1)/(-3)). Let z be (b/(-2))/(1/66). Let d = z - 153. Is d a prime number?
False
Let n be ((-4)/6 + 0)*-3. Let k be 4/2*1/n. Is (-2)/k + -1 + 38 a prime number?
False
Suppose 2*w - 43 = 3*s, -2*w - 2*w = 5*s - 97. Let q = -26 + w. Let c(d) = -48*d - 5. Is c(q) a composite number?
False
Let j(w) = 2*w**2 - 16*w + 5. Let l be j(8). Suppose -6*s + 1847 = -l*s. Suppose 3*c + 3053 = 5*q, 4*q + 2*c = q + s. Is q composite?
False
Let l = -17 - -21. Let v(p) = -2*p**2 + p - 2. Let f be v(l). Let j = f - -51. Is j prime?
False
Let t be 6/(-4)*-4 - (13 + -11). Suppose -160 - 28 = -t*w. Is w prime?
True
Let s = -3221 - -8266. Is s prime?
False
Let b = -8 - -10. Suppose -6*z + z - 3897 = 2*f, -b*f + 1570 = -2*z. Let k = 1850 + z. Is k composite?
False
Let z(p) = 9*p + 25. Let v(i) = 9*i + 25. Let f(q) = -4*v(q) + 3*z(q). Is f(-10) prime?
False
Suppose -84259 = 38*o - 45*o. Is o a prime number?
True
Suppose -g = -4*i + i + 356, -2*g - 2*i - 712 = 0. Let s = g + 589. Is s composite?
False
Let k(b) = b**3 + 27*b**2 - 14*b + 49. Is k(-19) a composite number?
False
Let b = -18 - 52. Is 3118/14 + (-20)/b prime?
True
Let q(s) be the third derivative of s**5/20 - s**4/12 + s**3/3 + s**2 + 11. Let i(x) = -x**3 - 6*x**2 - 4*x + 1. Let m be i(-5). Is q(m) composite?
True
Let u(a) = -1085*a - 6. Let j be u(-9). Suppose 0 = -7*i + j + 314. Is i a composite number?
False
Let p = 2264 - -1143. Is p prime?
True
Let a = -6 - -10. Suppose -2*q - 338 = -m - q, -a*m - 2*q = -1370. Is m composite?
True
Suppose 0 = 148*r - 160*r + 30684. Is r prime?
True
Suppose 4*z + 3*k = 4*k + 5, 0 = -3*z + 2*k + 5. Let o be -1*z*(-3 + 140). Let i = o - -222. Is i composite?
True
Let r = 752 + -325. Let u be (-4 - (-1 - -1)) + r. Suppose 3*p = -2*y + u, -5*p + 5*y + 292 = -438. Is p a composite number?
True
Suppose -2*a = -2292 - 1310. Is a a prime number?
True
Let p be 872/56 + (-3)/(-7). Let v = 29 - p. Let k(x) = x**2 - 12*x - 3. Is k(v) a composite number?
True
Let n = 821 - 505. Let k be 0 + 5 - (2 + -636). Let j = k - n. Is j a prime number?
False
Let r(t) = 3*t**3 - 2*t**2 - t - 1. Let v be r(2). Let c = 1 - v. Let j(b) = b**3 + 13*b**2 - 7*b - 17. Is j(c) a composite number?
False
Is (-2)/(-8) - 1800054/(-72) composite?
True
Let u(y) = -20*y**3 + 2*y**2 - 2. Let m be u(3). Let w = m + 1011. Is w a composite number?
False
Let k be (29/(-2) - 2)*(-520)/(-10). Let x = k + 4235. Is x prime?
False
Suppose 0 = 4*l + 5*n - 533, -5*l + n + 633 = -26. Let q = l + 79. Suppose 0 = 4*z + q - 1247. Is z a composite number?
True
Let o = -991 - -10279. Suppose -12*p + o = -2172. Is p a prime number?
False
Suppose 2*c = 3*c - 4*p + 1383, 2*c = -4*p - 2778. Let j = -972 - c. Is j a composite number?
True